{"id":22,"date":"2026-03-19T10:05:50","date_gmt":"2026-03-19T09:05:50","guid":{"rendered":"http:\/\/127.0.0.1\/LikeEvent\/?page_id=22"},"modified":"2026-04-03T15:23:01","modified_gmt":"2026-04-03T13:23:01","slug":"mentions-legales","status":"publish","type":"page","link":"https:\/\/prod.florian-gracy.com\/LikeEvent\/mentions-legales\/","title":{"rendered":"Mentions l\u00e9gales"},"content":{"rendered":"<h2>\u00c9diteur<\/h2>\n<p>&nbsp;<\/p>\n<p><strong>Le pr\u00e9sent site est \u00e9dit\u00e9 par Like Event,<\/strong> SAS au capital de 50 000 \u20ac, dont le si\u00e8ge social est sis 93 bis, boulevard Exelmans, 75016 Paris, immatricul\u00e9e au registre du commerce et des soci\u00e9t\u00e9s de Paris sous le num\u00e9ro 753 183 268.<\/p>\n<p>&nbsp;<\/p>\n<p><strong>Num\u00e9ro de TVA intracommunautaire :<\/strong> FR00753183268<\/p>\n<p><strong>Num\u00e9ro de t\u00e9l\u00e9phone :<\/strong> +33 1 42 81 41 03<\/p>\n<p><strong>Directeur de la publication :<\/strong> Rachel Patlajean<\/p>\n<p>&nbsp;<\/p>\n<p>&nbsp;<\/p>\n<p>&nbsp;<\/p>\n<h2>H\u00e9bergement<\/h2>\n<p>&nbsp;<\/p>\n<p><strong>Le pr\u00e9sent site est h\u00e9berg\u00e9 chez<\/strong> o2switch.<\/p>\n<p><strong>Adresse :<\/strong> Chemin des Pardiaux, 63000 Clermont-Ferrand, France<\/p>\n<p><strong>T\u00e9l\u00e9phone :<\/strong> 04 44 44 60 40<\/p>\n<p><strong>Site web :<\/strong> www.o2switch.fr<\/p>\n<p>&nbsp;<\/p>\n<p>&nbsp;<\/p>\n<p>&nbsp;<\/p>\n<h2>Propri\u00e9t\u00e9 intellectuelle<\/h2>\n<p>&nbsp;<\/p>\n<p>L\u2019ensemble des contenus pr\u00e9sents sur le site (textes, images, graphismes, logo, vid\u00e9os, \u00e9l\u00e9ments visuels, structure du site)<strong> est la propri\u00e9t\u00e9 exclusive de Like Event, sauf mention contraire.<\/strong><\/p>\n<p>Toute reproduction, repr\u00e9sentation, modification ou exploitation, totale ou partielle, sans autorisation \u00e9crite pr\u00e9alable est strictement interdite.<\/p>\n","protected":false},"excerpt":{"rendered":"<p>\u00c9diteur &nbsp; Le pr\u00e9sent site est \u00e9dit\u00e9 par Like Event, SAS au capital de 50 000 \u20ac, dont le si\u00e8ge social est sis 93 bis, boulevard Exelmans, 75016 Paris, immatricul\u00e9e au registre du commerce et des soci\u00e9t\u00e9s de Paris sous le num\u00e9ro 753 183 268. &nbsp; Num\u00e9ro de TVA intracommunautaire : FR00753183268 Num\u00e9ro de t\u00e9l\u00e9phone [&hellip;]<\/p>\n","protected":false},"author":1,"featured_media":0,"parent":0,"menu_order":0,"comment_status":"closed","ping_status":"closed","template":"","meta":{"_acf_changed":false,"footnotes":""},"class_list":["post-22","page","type-page","status-publish","hentry"],"acf":[],"yoast_head":"<!-- This site is optimized with the Yoast SEO plugin v27.3 - https:\/\/yoast.com\/product\/yoast-seo-wordpress\/ -->\n<title>Mentions l\u00e9gales - Like Event<\/title>\n<meta name=\"robots\" content=\"noindex, follow, max-snippet:-1, max-image-preview:large, max-video-preview:-1\" \/>\n<meta property=\"og:locale\" content=\"fr_FR\" \/>\n<meta property=\"og:type\" content=\"article\" \/>\n<meta property=\"og:title\" content=\"Mentions l\u00e9gales - Like Event\" \/>\n<meta property=\"og:description\" content=\"\u00c9diteur &nbsp; Le pr\u00e9sent site est \u00e9dit\u00e9 par Like Event, SAS au capital de 50 000 \u20ac, dont le si\u00e8ge social est sis 93 bis, boulevard Exelmans, 75016 Paris, immatricul\u00e9e au registre du commerce et des soci\u00e9t\u00e9s de Paris sous le num\u00e9ro 753 183 268. &nbsp; Num\u00e9ro de TVA intracommunautaire : FR00753183268 Num\u00e9ro de t\u00e9l\u00e9phone [&hellip;]\" \/>\n<meta property=\"og:url\" content=\"https:\/\/prod.florian-gracy.com\/LikeEvent\/mentions-legales\/\" \/>\n<meta property=\"og:site_name\" content=\"Like Event\" \/>\n<meta property=\"article:modified_time\" content=\"2026-04-03T13:23:01+00:00\" \/>\n<meta name=\"twitter:card\" content=\"summary_large_image\" \/>\n<meta name=\"twitter:label1\" content=\"Dur\u00e9e de lecture estim\u00e9e\" \/>\n\t<meta name=\"twitter:data1\" content=\"1 minute\" \/>\n<script type=\"application\/ld+json\" class=\"yoast-schema-graph\">{\"@context\":\"https:\\\/\\\/schema.org\",\"@graph\":[{\"@type\":\"WebPage\",\"@id\":\"https:\\\/\\\/prod.florian-gracy.com\\\/LikeEvent\\\/mentions-legales\\\/\",\"url\":\"https:\\\/\\\/prod.florian-gracy.com\\\/LikeEvent\\\/mentions-legales\\\/\",\"name\":\"Mentions l\u00e9gales - Like Event\",\"isPartOf\":{\"@id\":\"https:\\\/\\\/prod.florian-gracy.com\\\/LikeEvent\\\/#website\"},\"datePublished\":\"2026-03-19T09:05:50+00:00\",\"dateModified\":\"2026-04-03T13:23:01+00:00\",\"breadcrumb\":{\"@id\":\"https:\\\/\\\/prod.florian-gracy.com\\\/LikeEvent\\\/mentions-legales\\\/#breadcrumb\"},\"inLanguage\":\"fr-FR\",\"potentialAction\":[{\"@type\":\"ReadAction\",\"target\":[\"https:\\\/\\\/prod.florian-gracy.com\\\/LikeEvent\\\/mentions-legales\\\/\"]}]},{\"@type\":\"BreadcrumbList\",\"@id\":\"https:\\\/\\\/prod.florian-gracy.com\\\/LikeEvent\\\/mentions-legales\\\/#breadcrumb\",\"itemListElement\":[{\"@type\":\"ListItem\",\"position\":1,\"name\":\"Accueil\",\"item\":\"https:\\\/\\\/prod.florian-gracy.com\\\/LikeEvent\\\/\"},{\"@type\":\"ListItem\",\"position\":2,\"name\":\"Mentions l\u00e9gales\"}]},{\"@type\":\"WebSite\",\"@id\":\"https:\\\/\\\/prod.florian-gracy.com\\\/LikeEvent\\\/#website\",\"url\":\"https:\\\/\\\/prod.florian-gracy.com\\\/LikeEvent\\\/\",\"name\":\"Like Event\",\"description\":\"\",\"potentialAction\":[{\"@type\":\"SearchAction\",\"target\":{\"@type\":\"EntryPoint\",\"urlTemplate\":\"https:\\\/\\\/prod.florian-gracy.com\\\/LikeEvent\\\/?s={search_term_string}\"},\"query-input\":{\"@type\":\"PropertyValueSpecification\",\"valueRequired\":true,\"valueName\":\"search_term_string\"}}],\"inLanguage\":\"fr-FR\"}]}<\/script>\n<!-- \/ Yoast SEO plugin. -->","yoast_head_json":{"title":"Mentions l\u00e9gales - Like Event","robots":{"index":"noindex","follow":"follow","max-snippet":"max-snippet:-1","max-image-preview":"max-image-preview:large","max-video-preview":"max-video-preview:-1"},"og_locale":"fr_FR","og_type":"article","og_title":"Mentions l\u00e9gales - Like Event","og_description":"\u00c9diteur &nbsp; Le pr\u00e9sent site est \u00e9dit\u00e9 par Like Event, SAS au capital de 50 000 \u20ac, dont le si\u00e8ge social est sis 93 bis, boulevard Exelmans, 75016 Paris, immatricul\u00e9e au registre du commerce et des soci\u00e9t\u00e9s de Paris sous le num\u00e9ro 753 183 268. &nbsp; Num\u00e9ro de TVA intracommunautaire : FR00753183268 Num\u00e9ro de t\u00e9l\u00e9phone [&hellip;]","og_url":"https:\/\/prod.florian-gracy.com\/LikeEvent\/mentions-legales\/","og_site_name":"Like Event","article_modified_time":"2026-04-03T13:23:01+00:00","twitter_card":"summary_large_image","twitter_misc":{"Dur\u00e9e de lecture estim\u00e9e":"1 minute"},"schema":{"@context":"https:\/\/schema.org","@graph":[{"@type":"WebPage","@id":"https:\/\/prod.florian-gracy.com\/LikeEvent\/mentions-legales\/","url":"https:\/\/prod.florian-gracy.com\/LikeEvent\/mentions-legales\/","name":"Mentions l\u00e9gales - Like Event","isPartOf":{"@id":"https:\/\/prod.florian-gracy.com\/LikeEvent\/#website"},"datePublished":"2026-03-19T09:05:50+00:00","dateModified":"2026-04-03T13:23:01+00:00","breadcrumb":{"@id":"https:\/\/prod.florian-gracy.com\/LikeEvent\/mentions-legales\/#breadcrumb"},"inLanguage":"fr-FR","potentialAction":[{"@type":"ReadAction","target":["https:\/\/prod.florian-gracy.com\/LikeEvent\/mentions-legales\/"]}]},{"@type":"BreadcrumbList","@id":"https:\/\/prod.florian-gracy.com\/LikeEvent\/mentions-legales\/#breadcrumb","itemListElement":[{"@type":"ListItem","position":1,"name":"Accueil","item":"https:\/\/prod.florian-gracy.com\/LikeEvent\/"},{"@type":"ListItem","position":2,"name":"Mentions l\u00e9gales"}]},{"@type":"WebSite","@id":"https:\/\/prod.florian-gracy.com\/LikeEvent\/#website","url":"https:\/\/prod.florian-gracy.com\/LikeEvent\/","name":"Like Event","description":"","potentialAction":[{"@type":"SearchAction","target":{"@type":"EntryPoint","urlTemplate":"https:\/\/prod.florian-gracy.com\/LikeEvent\/?s={search_term_string}"},"query-input":{"@type":"PropertyValueSpecification","valueRequired":true,"valueName":"search_term_string"}}],"inLanguage":"fr-FR"}]}},"_links":{"self":[{"href":"https:\/\/prod.florian-gracy.com\/LikeEvent\/wp-json\/wp\/v2\/pages\/22","targetHints":{"allow":["GET"]}}],"collection":[{"href":"https:\/\/prod.florian-gracy.com\/LikeEvent\/wp-json\/wp\/v2\/pages"}],"about":[{"href":"https:\/\/prod.florian-gracy.com\/LikeEvent\/wp-json\/wp\/v2\/types\/page"}],"author":[{"embeddable":true,"href":"https:\/\/prod.florian-gracy.com\/LikeEvent\/wp-json\/wp\/v2\/users\/1"}],"replies":[{"embeddable":true,"href":"https:\/\/prod.florian-gracy.com\/LikeEvent\/wp-json\/wp\/v2\/comments?post=22"}],"version-history":[{"count":6,"href":"https:\/\/prod.florian-gracy.com\/LikeEvent\/wp-json\/wp\/v2\/pages\/22\/revisions"}],"predecessor-version":[{"id":284,"href":"https:\/\/prod.florian-gracy.com\/LikeEvent\/wp-json\/wp\/v2\/pages\/22\/revisions\/284"}],"wp:attachment":[{"href":"https:\/\/prod.florian-gracy.com\/LikeEvent\/wp-json\/wp\/v2\/media?parent=22"}],"curies":[{"name":"wp","href":"https:\/\/api.w.org\/{rel}","templated":true}]}}